2 = 0. What is the remainder when s(-1) is divided by j?
3
Let l(o) = o**2 + 9*o. Let f be l(-5). What is the remainder when f/((-8)/(-5) + -2) is divided by 308508/14769 + 26/(-9)?
14
Let k = 21 - 19. Let j = 2 - k. Suppose -11*c + 87 + 188 = j. Calculate the remainder when c is divided by 7.
4
Suppose u - 2*v - 2406 = 0, -3*u = 910*v - 907*v - 7173. Calculate the remainder when u is divided by 24.
20
Suppose 2*l - k = -3*k + 46, 0 = 3*l + 2*k - 64. Suppose z = -q + 170 + 12, -2*q + 344 = -2*z. What is the remainder when q is divided by l?
15
Suppose -2653*u + 2639*u + 5824 = 0. Calculate the remainder when u is divided by 75.
41
Let k = 12254 + -12127. What is the remainder when 394 is divided by k?
13
Suppose 2*i = 4*t + 874, 20 - 5 = 5*t. Suppose r - i + 384 = 0. Let s(o) = -3*o - 8. Calculate the remainder when r is divided by s(-8).
11
Let m(r) = -8*r**2 - 33*r + 9. Suppose 37 + 27 = -16*j. What is the remainder when m(j) is divided by 7?
6
Let m(k) = 91*k**3 - 2*k**2 + 2. Let v = 33 + -32. Let i be m(v). Suppose 5*l + 26 = i. Calculate the remainder when 36 is divided by l.
10
Let p = 64 - -29. Let c = p - -18. Suppose 50 = 7*v - c. Calculate the remainder when 42 is divided by v.
19
Suppose 13*r + 25 = 8*r, 360 = 5*d + 4*r. Calculate the remainder when d is divided by 8/20*100*(-1)/(-2).
16
Calculate the remainder when (-2)/(-111)*-3 - (-288116)/629 is divided by 162.
134
Let f(d) = d + 2 + 0 - 5. Let k(q) = q**3 - 6*q**2 + 20*q - 74. What is the remainder when f(5) is divided by k(5)?
0
Let t = 20 - -26. Suppose 13*q - 72 = 10*q. Suppose q = 2*i + 3*d - 0*d, 5*d - 48 = -4*i. What is the remainder when t is divided by i?
10
Suppose 32*g = 30*g + 196. Calculate the remainder when 158 is divided by ((-2)/(-2))/(2/g).
11
Let w = 61 - 57. Calculate the remainder when 549 is divided by w.
1
Suppose -7*z + 15 = -6*z. Suppose 2*x - 4*f = 7*x - 451, x = -5*f + 107. Calculate the remainder when (x - 0)*7/21 is divided by z.
14
Let k(d) = 17 - 3*d - 20 - 18 - 25. Calculate the remainder when (-1313)/(-26) + 6/4 is divided by k(-20).
10
Suppose 11*v - 26064 = -24194. What is the remainder when 669 is divided by v?
159
What is the remainder when 726/19965 - (-60056)/110 is divided by 108?
6
Let k(l) = 5*l**2 + l + 10. What is the remainder when k(9) is divided by ((-1)/3)/((-10986)/1098 + (-10)/(-1))?
58
Calculate the remainder when 1*(-62152)/(-40) - ((-58)/(-10) + -5) is divided by 478.
119
Let l = 861 - 871. Let h(k) = 3*k**2 + 30*k + 62. Calculate the remainder when 120 is divided by h(l).
58
What is the remainder when (-18 - (-2 - -9))/((-2)/26) is divided by 79?
9
Let s = -341 - -362. Suppose -s*v + 937 = -575. What is the remainder when 154 is divided by v?
10
Let u(a) = -a**2 - 11*a + 1. Calculate the remainder when 9775/23 - (-1 + 0 + -1*6) is divided by u(-6).
29
Let c = -18 - -28. Let m(q) be the first derivative of q**4/4 - 11*q**3/3 + 11*q**2/2 - 3*q - 241. What is the remainder when 25 is divided by m(c)?
4
Let u(l) = -14*l - 511. Let d = 29 - 12. What is the remainder when d is divided by u(-37)?
3
Let b(d) = 12*d**2 + 526*d + 53. What is the remainder when b(-47) is divided by 26?
19
Calculate the remainder when (-44)/33 - (14952/(-9) + -2) is divided by 23.
6
Let u(o) = 2*o**3 + 25*o**2 - 11*o + 36. What is the remainder when 1768 is divided by u(-13)?
8
Suppose -15*y + 13608 = 21*y - 8*y. Calculate the remainder when y is divided by 71.
60
Suppose -42*c + 3300 = 33*c. Let q(t) = 12*t**2 + 2*t + 1. What is the remainder when c is divided by q(-1)?
0
Let c(n) = 97*n - 6417. Calculate the remainder when 326 is divided by c(67).
80
Let k(z) = 2*z**3 - 9*z**2 + 5*z + 8. What is the remainder when k(6) is divided by (3 - -1)/(18*(-18)/(-2997))?
35
Let a = -82 - -84. Let f be (((-12)/(-9))/(-2))/(a/(-15)). Suppose -3*p - 27 = -2*y, -y + 11 = -f*p + p. What is the remainder when 72 is divided by y?
12
Suppose 4*d = -3*q + 960, -43 = 5*q - 3. What is the remainder when d is divided by 201?
45
Suppose -5*v = 26 + 4. Let n = -4 - v. Suppose n*y + 2*o - 26 = 0, -2*o + 41 = 2*y + y. What is the remainder when 25 is divided by y?
10
Suppose 2396 = 119*h + 135. What is the remainder when -1 - -1*(-132)/(-2) is divided by h?
8
Suppose 4*v - l - 119 = 171, 3*l = -v + 79. Suppose 2*g - 112 = -4*p, -p - 2*p + 2*g = -70. Calculate the remainder when v is divided by p.
21
Let m = -16490 - -16871. What is the remainder when m is divided by 87?
33
Let t(h) = 3*h - 72. Let j(p) = 7*p - 216. Let s(l) = -4*j(l) + 11*t(l). Calculate the remainder when 153 is divided by s(-13).
6
Suppose 12 = -0*g + 3*g. Let k(s) = -2*s + 0*s + g - 1 - 2*s. Calculate the remainder when k(-2) is divided by 3.
2
Suppose -48 = -22*t + 6*t. Suppose i = -i + t*g + 58, 5*i - 140 = 5*g. Suppose 0*r + 28 = 2*r. What is the remainder when i is divided by r?
12
Suppose 15*r - 182 = -2*d + 13*r, 431 = 5*d - 3*r. Calculate the remainder when d is divided by (0 - 20)*10/(-8).
13
Let h = -11 - -26. Let l = 15446 - 15435. Calculate the remainder when h is divided by l.
4
Let a(d) = -14*d + 38. Let g be a(-7). Suppose g = -m - 3*m. Let v = -18 - m. What is the remainder when 29 is divided by v?
13
Calculate the remainder when 801 is divided by -2 + 13 + 7 + -1 + 3.
1
Let n(z) = -9*z + 97. Let y be n(10). Suppose 5*k = 78 + 67. What is the remainder when 5/((-1)/(-77)*y) is divided by k?
26
Let s = 125 - -25. Let h(z) = -z**2 + 2929*z - 20428. What is the remainder when s is divided by h(7)?
20
Let f = -23900 + 23942. What is the remainder when 759 is divided by f?
3
Calculate the remainder when ((-40)/50 + (-1166)/(-5))/(202/505) is divided by 40.
21
Let r = -56 - -93. Calculate the remainder when r is divided by 8274/(-985)*5/(-2).
16
Let t be (-2*6)/((-48)/1080). Suppose 15*f = -3*k + 12*f + t, k - 3*f - 98 = 0. What is the remainder when k is divided by 16?
12
Let b = 1744 + -1709. Suppose -7*m - 272 = -9*m. What is the remainder when m is divided by b?
31
What is the remainder when (17016/56)/(30/140) + 1 is divided by 200?
19
Let t(u) = -u**2 - 73*u - 657. Let d(o) = -o**3 - 5*o**2 + 5*o + 8. What is the remainder when t(-11) is divided by d(-6)?
11
Let q be 4 + 3 + (-2 - (-9 + -3)). What is the remainder when q + -4 + -2*1 is divided by (1*-9)/((-4)/4)?
2
Suppose 38*l + 39*l - 12285 = -40*l. Calculate the remainder when 749 is divided by l.
14
What is the remainder when (-220)/(-88)*(6*(-68)/(-10) + -2) is divided by 73?
24
Suppose 5*w - 5*o = 1060, 5*w - o - 532 = 540. Calculate the remainder when 665 is divided by w.
20
Suppose 0 = -j + 9*j - 192. What is the remainder when 3 - 29*(-2 - 0) is divided by j?
13
Suppose 45*k - 570 = 1545. Calculate the remainder when 1071 is divided by k.
37
Let m(j) = j**2 - 6*j + 2. Let s(x) = x**2 - 63*x - 7597. What is the remainder when s(-63) is divided by m(-5)?
56
Suppose 11*u + 273 = 50*u. Suppose -3*n - 4*l + 50 + u = 0, -3*l = 9. What is the remainder when 45 is divided by n?
22
Let z = 18428 + -16765. What is the remainder when z is divided by 23?
7
Let b(m) = -8*m**2 + m + 2. Let q be b(-2). Let v = 64 + q. Let n(x) = 5*x**2 + 130*x - 262. What is the remainder when v is divided by n(2)?
14
Suppose 17499 = -12*u + 31*u. Suppose -1342 = -31*s + u. What is the remainder when 209 is divided by s?
63
Let u be 6/27 - 8*10/(-45). Suppose -5*k + 18 = 3, -2*z - u*k - 4 = 0. Let t(p) = 2*p**2 + 3*p + 17. Calculate the remainder when t(z) is divided by 28.
24
Suppose -3*r = -0*r - 72. Suppose -386 + 2130 = 16*x. Calculate the remainder when x is divided by r.
13
What is the remainder when 1007 is divided by ((-234)/(-45) + -4)/((192/200)/12)?
2
Let a(q) = 13*q**2 - 2*q + 3. Let g be a(7). Let y(p) = -p**3 + 39*p**2 + p - 41. Let l be y(39). What is the remainder when l + 33/18 + g/12 is divided by 19?
14
Let k(s) = 2*s**2 - 6*s - 12. Let l(m) = 6*m**2 - 17*m - 34. Let d(g) = -8*k(g) + 3*l(g). Calculate the remainder when 97 is divided by d(4).
13
Let u = -2876 - -3018. What is the remainder when u is divided by 78?
64
Let s(q) = -2*q + 170. What is the remainder when 750 is divided by s(37)?
78
Suppose 0 = 5*x + 5*p - 13 - 2, -p = -2*x + 12. Let u = 1908 - 1904. Suppose u*m = -x*m + 288. Calculate the remainder when 95 is divided by m.
31
Supp